of 12798?
9
What is the units digit of 12660?
0
What is the units digit of 35690?
0
What is the units digit of 13596?
6
What is the hundreds digit of 80086?
0
What is the units digit of 549?
9
What is the units digit of 13494?
4
What is the tens digit of 114?
1
What is the hundreds digit of 14462?
4
What is the tens digit of 110342?
4
What is the tens digit of 49?
4
What is the thousands digit of 5791?
5
What is the hundreds digit of 755?
7
What is the hundreds digit of 2538?
5
What is the units digit of 350?
0
What is the thousands digit of 2294?
2
What is the tens digit of 11709?
0
What is the tens digit of 7381?
8
What is the tens digit of 2597?
9
What is the thousands digit of 1671?
1
What is the units digit of 41885?
5
What is the units digit of 735?
5
What is the thousands digit of 8077?
8
What is the units digit of 164669?
9
What is the tens digit of 2986?
8
What is the hundred thousands digit of 125403?
1
What is the hundreds digit of 2578?
5
What is the thousands digit of 53241?
3
What is the hundreds digit of 1391?
3
What is the hundreds digit of 1584?
5
What is the tens digit of 611?
1
What is the hundreds digit of 58980?
9
What is the tens digit of 781?
8
What is the units digit of 26275?
5
What is the tens digit of 16927?
2
What is the units digit of 561?
1
What is the ten thousands digit of 17597?
1
What is the thousands digit of 74621?
4
What is the hundreds digit of 144133?
1
What is the tens digit of 180117?
1
What is the tens digit of 62816?
1
What is the hundreds digit of 31213?
2
What is the thousands digit of 43377?
3
What is the units digit of 66331?
1
What is the hundreds digit of 32337?
3
What is the thousands digit of 9798?
9
What is the tens digit of 621?
2
What is the tens digit of 30236?
3
What is the units digit of 474?
4
What is the ten thousands digit of 20143?
2
What is the tens digit of 648?
4
What is the tens digit of 1313?
1
What is the hundreds digit of 30675?
6
What is the tens digit of 126303?
0
What is the thousands digit of 56272?
6
What is the tens digit of 2870?
7
What is the hundreds digit of 39234?
2
What is the ten thousands digit of 37984?
3
What is the hundreds digit of 334?
3
What is the thousands digit of 11168?
1
What is the thousands digit of 38029?
8
What is the units digit of 573?
3
What is the units digit of 578?
8
What is the thousands digit of 155631?
5
What is the tens digit of 63725?
2
What is the hundreds digit of 1186?
1
What is the ten thousands digit of 12847?
1
What is the ten thousands digit of 151947?
5
What is the hundreds digit of 2559?
5
What is the thousands digit of 3939?
3
What is the tens digit of 2931?
3
What is the hundreds digit of 52160?
1
What is the tens digit of 4249?
4
What is the thousands digit of 5319?
5
What is the thousands digit of 7349?
7
What is the units digit of 1593?
3
What is the ten thousands digit of 38640?
3
What is the hundreds digit of 494?
4
What is the tens digit of 31397?
9
What is the units digit of 3786?
6
What is the thousands digit of 16414?
6
What is the units digit of 48890?
0
What is the tens digit of 6945?
4
What is the tens digit of 1819?
1
What is the hundreds digit of 3602?
6
What is the thousands digit of 1711?
1
What is the thousands digit of 1276?
1
What is the tens digit of 77249?
4
What is the tens digit of 22726?
2
What is the thousands digit of 6833?
6
What is the hundreds digit of 585?
5
What is the hundreds digit of 4509?
5
What is the thousands digit of 9997?
9
What is the tens digit of 31457?
5
What is the hundreds digit of 65322?
3
What is the thousands digit of 8418?
8
What is the tens digit of 2140?
4
What is the thousands digit of 6488?
6
What is the hundreds digit of 2210?
2
What is the tens digit of 410?
1
What is the ten thousands digit of 81871?
8
What is the units digit of 75?
5
What is the thousands digit of 11959?
1
What is the tens digit of 1028?
2
What is the ten thousands digit of 36543?
3
What is the thousands digit of 22510?
2
What is the thousands digit of 5475?
5
What is the tens digit of 286?
8
What is the tens digit of 42095?
9
What is the tens digit of 89?
8
What is the hundreds digit of 2793?
7
What is the thousands digit of 12893?
2
What is the units digit of 7369?
9
What is the hundreds digit of 136?
1
What is the hundreds digit of 4939?
9
What is the thousands digit of 1576?
1
What is the units digit of 780?
0
What is the hundreds digit of 6427?
4
What is the ten thousands digit of 16196?
1
What is the tens digit of 120?
2
What is the tens digit of 978?
7
What is the units digit of 182025?
5
What is the units digit of 450?
0
What is the tens digit of 857?
5
What is the units digit of 7265?
5
What is the tens digit of 1124?
2
What is the hundreds digit of 325?
3
What is the hundreds digit of 880?
8
What is the hundreds digit of 4917?
9
What is the tens digit of 3203?
0
What is the ten thousands digit of 39540?
3
What is the thousands digit of 6760?
6
What is the thousands digit of 9013?
9
What is the thousands digit of 7969?
7
What is the hundreds digit of 874?
8
What is the ten thousands digit of 11248?
1
What is the hundreds digit of 550?
5
What is the hundreds digit of 126862?
8
What is the hundreds digit of 31687?
6
What is the tens digit of 59087?
8
What is the units digit of 75?
5
What is the thousands digit of 88581?
8
What is the hundred thousands digit of 115128?
1
What is the hundreds digit of 819?
8
What is the tens digit of 1574?
7
What is the tens digit of 579?
7
What is the units digit of 40016?
6
What is the tens digit of 672?
7
What is the units digit of 3299?
9
What is the units digit of 402?
2
What is the units digit of 1059?
9
What is the thousands digit of 1469?
1
What is the tens digit of 7954?
5
What is the units digit of 2971?
1
What is the hundreds digit of 9891?
8
What is the units digit of 2947?
7
What is the thousands digit of 128784?
8
What is the units digit of 784?
4
What is the hundreds digit of 26973?
9
What is the hundreds digit of 8025?
0
What is the tens digit of 21513?
1
What is the units digit of 1834?
4
What is the thousands digit of 112988?
2
What is the tens digit of 563?
6
What is the hundreds digit of 43510?
5
What is the tens digit of 21585?
8
What is the units digit of 664?
4
What is the units digit of 913?
3
What is the hundreds digit of 3279?
2
What is the thousands digit of 53271?
3
What is the ten thousands digit of 11998?
1
What is the thousands digit of 49184?
9
What is the hundreds digit of 25586?
5
What is the tens digit of 80614?
1
What is the units digit of 1515?
5
What is the hundreds digit of 105?
1
What is the tens digit of 16259?
5
What is the tens digit of 7246?
4
What is the units digit of 3230?
0
What is the tens digit of 1408?
0
What is the hundreds digit of 168?
1
What is the units digit of 12900?
0
What is the units digit of 78307?
7
What is the thousands digit of 99250?
9
What is the thousands digit of 16477?
6
What is the tens digit of 6437?
3
What is the units digit of 82669?
9
What is the units digit of 7797?
7
What is the hundreds digit of 1804?
8
What is the tens digit of 6887?
8
What is the units digit of 101211?
1
What is the thousands digit of 17280?
7
What is the units digit of 691?
1
What is the tens digit of 5777?
7
What is the thousands digit of 73199?
3
What is the hundreds digit of 1822?
8
What is the thousands digit of 71016?
1
What is the hundreds digit of 7003?
0
What is the ten thousands digit of 37932?
3
What is the units digit of 30800?
0
What is the tens digit of 3691?
9
What is the hundreds digit of 1263?
2
What is the hundreds digit of 41198?
1
What is the hundreds digit of 1134?
1
What is the units digit of 6513?
3
What is the thousands digit of 57742?
7
What is the tens digit of 22182?
8
What is the tens digit of 2394?
9
What is the tens digit of 687?
8
What is the hundreds digit of 17341?
3
What is the units digit of 34987?
7
What is the tens digit of 420?
2
What is the units digit of 1492?
2
What is the units digit of 2788?
8
What is the units digit of 1747?
7
What is the units digit of 208?
8
What is the thousands digit of 6440?
6
What is the tens digit of 1421?
2
What is the thousands digit of 117114?
7
What is the tens digit of 58001?
0
What is the thousands digit of 2485?
2
What is the hundreds digit 